me number?
True
Let b = -20 - -10. Let a(w) = -2*w - 15. Let o be a(b). Suppose 0*z - o*r - 298 = -4*z, -4 = -2*r. Is z composite?
True
Let k be (3 + -1)*(-5 - -10). Suppose -3*t + k = 2*t. Suppose 2*i - 4*i + 117 = 3*a, t*a + 2*i - 80 = 0. Is a a composite number?
False
Let t = -5754 - -13543. Is t composite?
False
Let d = -53 - -318. Is d a composite number?
True
Let o(u) = u**3 + 4*u**2 + 4*u + 2. Let q be o(-3). Suppose -198 = -4*z + 3*b + 16, -z = -5*b - 62. Let a = q + z. Is a a prime number?
False
Suppose 0 = -5*c - 15, -5*o + 1 = -5*c + 16. Let v(j) = j**3 + 9*j**2 + 7*j + 1. Is v(o) composite?
False
Suppose -4*n + 8 = g, -4*g + n - 19 = -85. Suppose q = 4*o + g, 3*q + o + 20 = -4*o. Suppose 6 + q = m. Is m prime?
False
Let y be (-2392)/(-5) - 4/10. Suppose y = 3*t - 275. Is t prime?
True
Let b(t) = 14*t**2 + 5*t + 7. Is b(-4) composite?
False
Suppose -l = -q - 912, 2*l + 2*q - 454 = 1366. Is l a composite number?
False
Let q be -128 + -4*(-3 + 4). Let t be 3*-2*15/2. Let i = t - q. Is i a composite number?
True
Suppose 0 = -2*z - 0*z + 22. Is z a prime number?
True
Let x = 119 - 64. Is 1241/11 - (-10)/x a composite number?
False
Let j = 5 + -3. Let f be (j/(-4))/(3/(-12)). Suppose 4*v = f*q - 3*q + 348, -3*v + 4*q + 261 = 0. Is v a composite number?
True
Suppose -3 + 4 = -p + 5*c, -5*p = 3*c - 23. Let w(x) = 14*x - 3. Is w(p) a prime number?
True
Suppose 3*v - a + 3*a - 241 = 0, 3*v + a = 239. Let t = 10 - -176. Suppose 5*s - t = v. Is s a composite number?
False
Let w be 0 - (-207)/(3 + -2). Let i = -65 - 27. Let b = w + i. Is b a prime number?
False
Is 9*124 - (4 + -9) a composite number?
True
Let f(s) = -5 + 5*s**2 + 4 - 2*s**3 + 3*s + 0*s**3. Suppose 3*q = -6 - 3. Is f(q) a prime number?
True
Suppose -1636 = 3*d - 7*d. Is d a prime number?
True
Let n be ((-10)/4)/5*-6. Suppose n*b + 23 = 5*l + 7*b, 5*l - 4*b = 47. Let s = l + 15. Is s composite?
True
Let s be 3/(3 - 0) + 35. Suppose 5*t - s + 11 = 0. Suppose 3*a - 5*v = 4*a - 14, 0 = t*a - 3*v - 182. Is a composite?
True
Let y(c) be the third derivative of c**4/24 + 2*c**2. Let a be y(2). Is 13 + 4 - -1*a a composite number?
False
Is 542 - (4 + (-1)/(-1)) a prime number?
False
Suppose -30 = -5*d + 3*d. Is d a composite number?
True
Let w(d) = -d**2 - d + 77. Is w(0) a prime number?
False
Suppose -4 = -4*w - 4*x, 2*w - 3*w = 4*x + 2. Suppose -w*k + 4*k - 452 = 0. Is (k/(-10))/(9/(-45)) composite?
False
Let x(q) = -3*q**3 + 2*q**2 - 1. Let z be x(-1). Suppose -y - 4*y = 5*c - 100, -3*c + z*y = -25. Is 190/c*6/4 a composite number?
False
Suppose 2*q + 0*q - 20 = -5*w, 2*w + q = 9. Is ((-651)/(-12))/(w/8) composite?
True
Let a = -143 - -840. Is a a prime number?
False
Let q = -767 - -1726. Is q composite?
True
Is (3/(-12) - (-5523)/(-12))*-2 prime?
False
Let b be (-9 - 3)/(-1) - 1. Suppose -6*d + b*d - 115 = 0. Is d prime?
True
Suppose -282 + 23 = -7*g. Is g composite?
False
Let j(r) = -2*r**3 + 58*r**2 - 10*r + 9. Is j(28) a prime number?
True
Suppose -4*m = -5*d + 28, 0*m + 24 = 5*d - 2*m. Suppose d*f + 10 = 30. Suppose -3*k + 4*s + 17 = 0, s + f = 3*k - 2*k. Is k prime?
True
Let o = 2017 + -1239. Suppose 2*q - 4*b - o = 0, -7*b + 12 = -3*b. Is q a composite number?
True
Let g(b) = 222*b**2 - b + 984*b**2 + 85*b**2. Let h be g(-1). Is h/8 + 1/(-2) composite?
True
Let p(n) = -55*n - 11. Is p(-6) prime?
False
Suppose -u + 30 = x + 4*x, -5 = 3*x - 4*u. Let j(o) = -o**2 + 3*o. Let s be j(3). Suppose s = 8*l - x*l + b - 36, 5*b = -15. Is l prime?
True
Let q(w) be the second derivative of -w**5/10 - w**4/12 + w**3/3 + w. Let f(x) be the second derivative of q(x). Is f(-3) prime?
False
Is (-14 - -498) + (-2)/(-2) composite?
True
Let d = 14 + -12. Suppose -d*w = 6 - 0, 5*w = 2*u - 973. Is u a prime number?
True
Suppose -5*s - 98 = 2. Let i be 5/(-10) + 18/4. Is (-5)/s + 87/i prime?
False
Suppose 0 = f + 4*u + 7, 5*u + 65 = 3*f + 2*f. Suppose 5*r - k = 72, 3 - f = 3*k. Is r a composite number?
True
Suppose -3*k = -3*w - 33654, -k = 2*w - 4*w - 11223. Is k a composite number?
False
Suppose 5*l - 2*t - 9659 = 0, -3*l + 0*t + t + 5795 = 0. Is l composite?
False
Suppose 0 = -4*u + 5*q + 1627, 2045 = 5*u - 4*q - 0*q. Is u composite?
True
Suppose 3*w + 5*u = 25, -4*u = -w + u - 25. Suppose w*s = 5*y + 4*s - 313, 0 = y - 2*s - 57. Is (0 - -2) + y + 2 composite?
True
Suppose 0*k - 1012 = -4*k. Is k composite?
True
Let h(g) = -6*g. Let r(p) = -p + 2. Let j be r(3). Let s be h(j). Suppose s*a - a = 1055. Is a prime?
True
Suppose -5*q + 665 = -3*x, -2*x = 4*q - 0*x - 532. Is q composite?
True
Suppose v - h = 17, h - 15 + 80 = 4*v. Suppose 30 = 2*l - v. Is l composite?
False
Let z(u) = 5*u**3 - 2*u**2 + u - 2. Let m be z(2). Suppose 4*y - 3*b = -2*b + 29, 4*b = 4*y - m. Suppose -4 - y = -k. Is k prime?
True
Let z(y) = -y + 42. Let m be z(0). Let i = -19 + m. Is i a prime number?
True
Let h = 370 - 77. Is h a composite number?
False
Let v be 0*(1 + -2)/1. Suppose 0 = 3*x - 5*k - 14, -2*x + v*k - 5*k = -1. Suppose -5*p - 91 = -4*t, 3*t - x*p = 2*p + 72. Is t prime?
True
Let v = -3 - 6. Let a = v + 30. Is a composite?
True
Let u = -287 + 491. Suppose 0 = -5*d + 5*h + 330, 0*h = -3*d - 3*h + u. Is d composite?
False
Suppose 5*r + 5*i + 0*i = 25, i = -5*r + 5. Suppose 5*s + 4 = -3*f + 56, r = -4*f + 5*s + 11. Let a = 30 - f. Is a prime?
False
Is (-17)/(-7) - 2 - (-68504)/28 a prime number?
True
Let j = 85 - 42. Let m(f) = -164*f - 10*f - j*f. Is m(-1) a composite number?
True
Let f(t) = -1 - 6*t - 10*t + 0. Is f(-14) prime?
True
Suppose -2*r = 5 - 15. Suppose 0*x - 110 = -r*x. Suppose 0 = b - 0 - x. Is b a composite number?
True
Let i(p) = 89*p**3 + 4*p**2 - 5*p + 5. Is i(2) a composite number?
True
Suppose -2*z - 560 = -1822. Is z prime?
True
Suppose -2*t - 3*t + 2795 = 0. Is t composite?
True
Suppose -628 = -4*z + 4*o, 0 = z + o + o - 157. Is z composite?
False
Let z(p) = -11*p**2 + 4*p**2 + 31*p**2 + 3. Is z(3) a prime number?
False
Suppose 3*x + y = -2*x + 275, 3*y = 5*x - 255. Suppose -4*u = -65 + 45. Suppose 5*f + x = u*i - 296, -3*f = i - 58. Is i a prime number?
True
Suppose -2*a - 264 = 2*a. Let n = a - -22. Let b = 7 - n. Is b a prime number?
False
Let w be 4/(-14) + 4/14. Suppose w = 4*a - 15 - 5. Suppose -3*r + 54 = a*s, 5*r - 29 - 27 = 3*s. Is r prime?
True
Let t(r) = 644*r**2 + 6*r + 7. Is t(-2) a composite number?
True
Suppose 7523 = 6*k - 1735. Is k a composite number?
False
Is (-2)/7 - ((-69932)/7 - -1) prime?
False
Suppose -96*x + 98*x = 38242. Is x a prime number?
True
Suppose -5*o - 16 + 51 = 0. Suppose -4*n - 5*j = 0, 2*n + 4*j - 3 - 3 = 0. Let r = n + o. Is r a composite number?
False
Let u(b) = 7 + 5*b - 4*b**2 + 5*b + 0*b**3 - 6*b + b**3. Let v be u(8). Suppose -2*f + v = -f. Is f prime?
False
Suppose 0*j = -10*j + 2390. Is j composite?
False
Let u(z) = -z**3 + 3 + 0*z - 3*z + 7*z**2 - 3*z. Let m be u(6). Suppose s - 1316 = -5*d, -5*d + 6*s - m*s + 1312 = 0. Is d a composite number?
False
Suppose 4*z - 3*z - 5 = 0. Suppose -z*a = 5*d - 2*d - 42, 4*d - 56 = 4*a. Is d composite?
True
Let k(z) be the third derivative of z**6/120 + z**5/15 - z**4/24 - z**3/6 + 4*z**2. Is k(3) prime?
True
Let m = 3078 + -1839. Suppose 15 = 4*t + 3, 2*t = 3*w - m. Suppose -5*b + 1356 = -4*c - w, 4*c - 4 = 0. Is b a prime number?
False
Suppose 5*b = 462 + 283. Is b a composite number?
False
Suppose 5*k - 4*f - 67 - 61 = 0, -58 = -2*k + 5*f. Is 3/4 - (-1374)/k a prime number?
False
Let f(t) = 2*t + 764. Let i be f(0). Suppose -i = -x + 285. Is x a composite number?
False
Let x = 6 - 1. Suppose x*k = 2*k + 267. Is k composite?
False
Let c = -5 + 7. Let a be (37/c)/(3/(-6)). Let x = -15 - a. Is x a composite number?
True
Let l = -1843 - -958. Let u = l + 1858. Is u a composite number?
True
Let h = 42 - 19. Let k be (-2)/10 + 88/(-10). Let r = h + k. Is r a prime number?
False
Suppose 0 = -5*v + 3086 + 6749. Is v a prime number?
False
Suppose 0 = 2*n - 4*k + 3*k - 6, 0 = -2*k - 4. Is (395/25)/(n/10) a prime number?
True
Let d = 4095 + -2696. Is d a prime number?
True
Let m = 7 + -6. Is -2 - (m - -24)*-1 composite?
False
Suppose -3*k = -k. Suppose -c + 158 = s, k*c - 4*c - 835 = -5*s. Is s a composite number?
False
Let n be -1 + 2 + 1 - -1. Suppose -53 = -5*x - n. Let u = x - 1. Is u a composite number?
True